{"id":145,"date":"2020-08-18T23:26:16","date_gmt":"2020-08-19T02:26:16","guid":{"rendered":"https:\/\/www.celeirosaudeocupacional.com.br\/?page_id=145"},"modified":"2022-12-20T18:07:47","modified_gmt":"2022-12-20T21:07:47","slug":"servicos","status":"publish","type":"page","link":"https:\/\/www.celeirosaudeocupacional.com.br\/?page_id=145","title":{"rendered":"Servi\u00e7os"},"content":{"rendered":"\t\t<div data-elementor-type=\"wp-page\" data-elementor-id=\"145\" class=\"elementor elementor-145\">\n\t\t\t\t\t\t<section class=\"elementor-section elementor-top-section elementor-element elementor-element-c463d23 elementor-section-full_width elementor-section-stretched elementor-section-height-min-height elementor-section-height-default elementor-section-items-middle\" data-id=\"c463d23\" data-element_type=\"section\" data-settings=\"{&quot;stretch_section&quot;:&quot;section-stretched&quot;,&quot;background_background&quot;:&quot;classic&quot;}\">\n\t\t\t\t\t\t\t<div class=\"elementor-background-overlay\"><\/div>\n\t\t\t\t\t\t\t<div class=\"elementor-container elementor-column-gap-no\">\n\t\t\t\t\t<div class=\"elementor-column elementor-col-100 elementor-top-column elementor-element elementor-element-ea92d87\" data-id=\"ea92d87\" data-element_type=\"column\">\n\t\t\t<div class=\"elementor-widget-wrap elementor-element-populated\">\n\t\t\t\t\t\t<div class=\"elementor-element elementor-element-5e8d7c6 elementor-widget elementor-widget-heading\" data-id=\"5e8d7c6\" data-element_type=\"widget\" data-widget_type=\"heading.default\">\n\t\t\t\t<div class=\"elementor-widget-container\">\n\t\t\t\t\t<h2 class=\"elementor-heading-title elementor-size-default\">Servi\u00e7os<\/h2>\t\t\t\t<\/div>\n\t\t\t\t<\/div>\n\t\t\t\t<div class=\"elementor-element elementor-element-3e7877c elementor-widget elementor-widget-heading\" data-id=\"3e7877c\" data-element_type=\"widget\" data-widget_type=\"heading.default\">\n\t\t\t\t<div class=\"elementor-widget-container\">\n\t\t\t\t\t<h2 class=\"elementor-heading-title elementor-size-default\">Como podemos ajudar sua empresa<\/h2>\t\t\t\t<\/div>\n\t\t\t\t<\/div>\n\t\t\t\t\t<\/div>\n\t\t<\/div>\n\t\t\t\t\t<\/div>\n\t\t<\/section>\n\t\t\t\t<section class=\"elementor-section elementor-top-section elementor-element elementor-element-0c31eb5 elementor-section-height-min-height elementor-section-boxed elementor-section-height-default elementor-section-items-middle\" data-id=\"0c31eb5\" data-element_type=\"section\" data-settings=\"{&quot;background_background&quot;:&quot;classic&quot;}\">\n\t\t\t\t\t\t<div class=\"elementor-container elementor-column-gap-default\">\n\t\t\t\t\t<div class=\"elementor-column elementor-col-100 elementor-top-column elementor-element elementor-element-1c80c2e\" data-id=\"1c80c2e\" data-element_type=\"column\">\n\t\t\t<div class=\"elementor-widget-wrap elementor-element-populated\">\n\t\t\t\t\t\t<div class=\"elementor-element elementor-element-63a68ec elementor-widget elementor-widget-text-editor\" data-id=\"63a68ec\" data-element_type=\"widget\" data-widget_type=\"text-editor.default\">\n\t\t\t\t<div class=\"elementor-widget-container\">\n\t\t\t\t\t\t\t\t\t<p><span style=\"color: #808080;\">A Celeiro Sa\u00fade Ocupacional conta com uma equipe multidisciplinar capacitada para dar pleno atendimento \u00e0s normativas trabalhistas e previdenci\u00e1rias, contemplando exig\u00eancias contidas nas Normas Regulamentadoras do Minist\u00e9rio do Trabalho e Emprego, gerenciamento e atualiza\u00e7\u00e3o do LTCAT (Laudo T\u00e9cnico de Condi\u00e7\u00f5es Ambientais de Trabalho) e, atrav\u00e9s de um processo moderno de gerenciamento de dados, a estrutura\u00e7\u00e3o exigida para dar pleno atendimento ao iminente eSocial.<\/span><\/p>\n<p><span style=\"color: #808080;\">Em acr\u00e9scimo, a formata\u00e7\u00e3o de documentos de suporte para que as empresas usu\u00e1rias do sistema informatizado disponibilizado por nossa empresa possam ter, al\u00e9m do adequado cumprimento da legisla\u00e7\u00e3o, maior seguran\u00e7a jur\u00eddica.<\/span><\/p>\n<p><span style=\"color: #808080;\">Dentre os servi\u00e7os e documentos disponibilizados, assessoria para os seguintes:<\/span><\/p>\t\t\t\t\t\t\t\t<\/div>\n\t\t\t\t<\/div>\n\t\t\t\t<div class=\"elementor-element elementor-element-2770390 elementor-invisible elementor-widget elementor-widget-toggle\" data-id=\"2770390\" data-element_type=\"widget\" data-settings=\"{&quot;_animation&quot;:&quot;fadeIn&quot;}\" data-widget_type=\"toggle.default\">\n\t\t\t\t<div class=\"elementor-widget-container\">\n\t\t\t\t\t\t\t<div class=\"elementor-toggle\">\n\t\t\t\t\t\t\t<div class=\"elementor-toggle-item\">\n\t\t\t\t\t<div id=\"elementor-tab-title-4131\" class=\"elementor-tab-title\" data-tab=\"1\" role=\"button\" aria-controls=\"elementor-tab-content-4131\" aria-expanded=\"false\">\n\t\t\t\t\t\t\t\t\t\t\t\t<span class=\"elementor-toggle-icon elementor-toggle-icon-right\" aria-hidden=\"true\">\n\t\t\t\t\t\t\t\t\t\t\t\t\t\t\t<span class=\"elementor-toggle-icon-closed\"><i class=\"fas fa-angle-down\"><\/i><\/span>\n\t\t\t\t\t\t\t\t<span class=\"elementor-toggle-icon-opened\"><i class=\"elementor-toggle-icon-opened fas fa-caret-up\"><\/i><\/span>\n\t\t\t\t\t\t\t\t\t\t\t\t\t<\/span>\n\t\t\t\t\t\t\t\t\t\t\t\t<a class=\"elementor-toggle-title\" tabindex=\"0\">NR 01 (Disposi\u00e7\u00f5es Gerais)<\/a>\n\t\t\t\t\t<\/div>\n\n\t\t\t\t\t<div id=\"elementor-tab-content-4131\" class=\"elementor-tab-content elementor-clearfix\" data-tab=\"1\" role=\"region\" aria-labelledby=\"elementor-tab-title-4131\"><p><span style=\"color: rgb(77, 77, 77); font-family: Montserrat, sans-serif; font-size: 15px;\">Emiss\u00e3o de ordens de servi\u00e7o relativas a medicina e seguran\u00e7a do trabalho, individuais e personalizadas para cada fun\u00e7\u00e3o\/setor, por ocasi\u00e3o do ingresso do funcion\u00e1rio na empresa cliente e anualmente nas reavalia\u00e7\u00f5es t\u00e9cnicas, contendo orienta\u00e7\u00f5es de seguran\u00e7a no trabalho, rela\u00e7\u00e3o das atividades exercidas, condutas preventivas, esclarecimentos sobre riscos ambientais de exposi\u00e7\u00e3o, treinamentos espec\u00edficos para motoristas profissionais, operadores de checkout, trabalhadores em alturas, espa\u00e7os confinados e com eletricidade.<\/span><br><\/p><\/div>\n\t\t\t\t<\/div>\n\t\t\t\t\t\t\t<div class=\"elementor-toggle-item\">\n\t\t\t\t\t<div id=\"elementor-tab-title-4132\" class=\"elementor-tab-title\" data-tab=\"2\" role=\"button\" aria-controls=\"elementor-tab-content-4132\" aria-expanded=\"false\">\n\t\t\t\t\t\t\t\t\t\t\t\t<span class=\"elementor-toggle-icon elementor-toggle-icon-right\" aria-hidden=\"true\">\n\t\t\t\t\t\t\t\t\t\t\t\t\t\t\t<span class=\"elementor-toggle-icon-closed\"><i class=\"fas fa-angle-down\"><\/i><\/span>\n\t\t\t\t\t\t\t\t<span class=\"elementor-toggle-icon-opened\"><i class=\"elementor-toggle-icon-opened fas fa-caret-up\"><\/i><\/span>\n\t\t\t\t\t\t\t\t\t\t\t\t\t<\/span>\n\t\t\t\t\t\t\t\t\t\t\t\t<a class=\"elementor-toggle-title\" tabindex=\"0\">NR 05 (CIPA)<\/a>\n\t\t\t\t\t<\/div>\n\n\t\t\t\t\t<div id=\"elementor-tab-content-4132\" class=\"elementor-tab-content elementor-clearfix\" data-tab=\"2\" role=\"region\" aria-labelledby=\"elementor-tab-title-4132\"><p><span style=\"color: #4d4d4d; font-family: Montserrat, sans-serif; font-size: 15px;\">An\u00e1lise do respectivo agrupamento de setores econ\u00f4micos pela Classifica\u00e7\u00e3o Nacional de Atividades Econ\u00f4micas &#8211; CNAE da empresa para dimensionamento da CIPA, com assessoria para implementa\u00e7\u00e3o, treinamentos e acompanhamento dos trabalhos.<\/span><\/p><\/div>\n\t\t\t\t<\/div>\n\t\t\t\t\t\t\t<div class=\"elementor-toggle-item\">\n\t\t\t\t\t<div id=\"elementor-tab-title-4133\" class=\"elementor-tab-title\" data-tab=\"3\" role=\"button\" aria-controls=\"elementor-tab-content-4133\" aria-expanded=\"false\">\n\t\t\t\t\t\t\t\t\t\t\t\t<span class=\"elementor-toggle-icon elementor-toggle-icon-right\" aria-hidden=\"true\">\n\t\t\t\t\t\t\t\t\t\t\t\t\t\t\t<span class=\"elementor-toggle-icon-closed\"><i class=\"fas fa-angle-down\"><\/i><\/span>\n\t\t\t\t\t\t\t\t<span class=\"elementor-toggle-icon-opened\"><i class=\"elementor-toggle-icon-opened fas fa-caret-up\"><\/i><\/span>\n\t\t\t\t\t\t\t\t\t\t\t\t\t<\/span>\n\t\t\t\t\t\t\t\t\t\t\t\t<a class=\"elementor-toggle-title\" tabindex=\"0\">NR 07 (PCMSO)<\/a>\n\t\t\t\t\t<\/div>\n\n\t\t\t\t\t<div id=\"elementor-tab-content-4133\" class=\"elementor-tab-content elementor-clearfix\" data-tab=\"3\" role=\"region\" aria-labelledby=\"elementor-tab-title-4133\"><p><span style=\"color: #4d4d4d; font-family: Montserrat, sans-serif; font-size: 15px; background-color: var( --e-global-color-75f82b7e );\">Estrutura\u00e7\u00e3o conforme riscos ambientais de exposi\u00e7\u00e3o, articulado com o disposto nas demais NR e com o objetivo de promo\u00e7\u00e3o e preserva\u00e7\u00e3o da sa\u00fade do conjunto dos seus trabalhadores. Realiza\u00e7\u00e3o dos exames m\u00e9dicos ocupacionais (admissionais, peri\u00f3dicos, de mudan\u00e7a de fun\u00e7\u00e3o, de retorno ao trabalho e demissionais), exames complementares conforme os riscos ambientais, emiss\u00e3o dos respectivos ASO&#8217;s &#8211; Atestados de Sa\u00fade Ocupacional, registros em prontu\u00e1rio cl\u00ednico individual, relat\u00f3rios anuais das atividades desenvolvidas, emiss\u00e3o do perfil do trabalhador e programa\u00e7\u00e3o de atividades prim\u00e1rias e secund\u00e1rias, controle de rotatividade e absente\u00edsmo. Controle de vencimentos dos exames m\u00e9dicos e complementares, envio autom\u00e1tico dos resultados para o controle de RH das empresas e ado\u00e7\u00e3o de medidas pertinentes.<\/span><\/p><\/div>\n\t\t\t\t<\/div>\n\t\t\t\t\t\t\t<div class=\"elementor-toggle-item\">\n\t\t\t\t\t<div id=\"elementor-tab-title-4134\" class=\"elementor-tab-title\" data-tab=\"4\" role=\"button\" aria-controls=\"elementor-tab-content-4134\" aria-expanded=\"false\">\n\t\t\t\t\t\t\t\t\t\t\t\t<span class=\"elementor-toggle-icon elementor-toggle-icon-right\" aria-hidden=\"true\">\n\t\t\t\t\t\t\t\t\t\t\t\t\t\t\t<span class=\"elementor-toggle-icon-closed\"><i class=\"fas fa-angle-down\"><\/i><\/span>\n\t\t\t\t\t\t\t\t<span class=\"elementor-toggle-icon-opened\"><i class=\"elementor-toggle-icon-opened fas fa-caret-up\"><\/i><\/span>\n\t\t\t\t\t\t\t\t\t\t\t\t\t<\/span>\n\t\t\t\t\t\t\t\t\t\t\t\t<a class=\"elementor-toggle-title\" tabindex=\"0\">NR 09 (PPRA)<\/a>\n\t\t\t\t\t<\/div>\n\n\t\t\t\t\t<div id=\"elementor-tab-content-4134\" class=\"elementor-tab-content elementor-clearfix\" data-tab=\"4\" role=\"region\" aria-labelledby=\"elementor-tab-title-4134\"><p><span style=\"color: #4d4d4d; font-family: Montserrat, sans-serif; font-size: 15px;\">An\u00e1lise global das empresas, abordando os seus mais variados aspectos, como layout, processos de trabalho, condi\u00e7\u00f5es f\u00edsicas, medidas pr\u00e9vias de prote\u00e7\u00e3o, avalia\u00e7\u00e3o dos riscos f\u00edsicos, qu\u00edmicos, biol\u00f3gicos, ergon\u00f4micos, mec\u00e2nicos e de acidentes; programa\u00e7\u00e3o de medidas de controle coletivas e individuais, registro e divulga\u00e7\u00e3o dos dados, treinamentos sobre uso correto e adequado dos equipamentos de prote\u00e7\u00e3o individual, riscos ocupacionais e sobre atos e condi\u00e7\u00f5es inseguras. Atrav\u00e9s de documentos personalizados de auditoria, acompanhamento da efetiva implementa\u00e7\u00e3o das medidas recomendadas e avalia\u00e7\u00e3o de sua efic\u00e1cia.<\/span><\/p><\/div>\n\t\t\t\t<\/div>\n\t\t\t\t\t\t\t<div class=\"elementor-toggle-item\">\n\t\t\t\t\t<div id=\"elementor-tab-title-4135\" class=\"elementor-tab-title\" data-tab=\"5\" role=\"button\" aria-controls=\"elementor-tab-content-4135\" aria-expanded=\"false\">\n\t\t\t\t\t\t\t\t\t\t\t\t<span class=\"elementor-toggle-icon elementor-toggle-icon-right\" aria-hidden=\"true\">\n\t\t\t\t\t\t\t\t\t\t\t\t\t\t\t<span class=\"elementor-toggle-icon-closed\"><i class=\"fas fa-angle-down\"><\/i><\/span>\n\t\t\t\t\t\t\t\t<span class=\"elementor-toggle-icon-opened\"><i class=\"elementor-toggle-icon-opened fas fa-caret-up\"><\/i><\/span>\n\t\t\t\t\t\t\t\t\t\t\t\t\t<\/span>\n\t\t\t\t\t\t\t\t\t\t\t\t<a class=\"elementor-toggle-title\" tabindex=\"0\">NR 12 (SEGURAN\u00c7A DE M\u00c1QUINAS E EQUIPAMENTOS)<\/a>\n\t\t\t\t\t<\/div>\n\n\t\t\t\t\t<div id=\"elementor-tab-content-4135\" class=\"elementor-tab-content elementor-clearfix\" data-tab=\"5\" role=\"region\" aria-labelledby=\"elementor-tab-title-4135\"><p><span style=\"color: #4d4d4d; font-family: Montserrat, sans-serif; font-size: 15px; background-color: var( --e-global-color-75f82b7e );\">Avalia\u00e7\u00e3o de riscos em m\u00e1quinas e equipamentos (HRN (HAZARD RATING NUMBER)), com cheklist das condi\u00e7\u00f5es ambientais, de intala\u00e7\u00e3o, da opera\u00e7\u00e3o, atividades realizadas, necessidade de adequa\u00e7\u00e3o; treinamentos\/ capacita\u00e7\u00e3o dos operadores; auditorias de trabalhos; elabora\u00e7\u00e3o de procedimentos operacionais.<\/span><\/p><\/div>\n\t\t\t\t<\/div>\n\t\t\t\t\t\t\t<div class=\"elementor-toggle-item\">\n\t\t\t\t\t<div id=\"elementor-tab-title-4136\" class=\"elementor-tab-title\" data-tab=\"6\" role=\"button\" aria-controls=\"elementor-tab-content-4136\" aria-expanded=\"false\">\n\t\t\t\t\t\t\t\t\t\t\t\t<span class=\"elementor-toggle-icon elementor-toggle-icon-right\" aria-hidden=\"true\">\n\t\t\t\t\t\t\t\t\t\t\t\t\t\t\t<span class=\"elementor-toggle-icon-closed\"><i class=\"fas fa-angle-down\"><\/i><\/span>\n\t\t\t\t\t\t\t\t<span class=\"elementor-toggle-icon-opened\"><i class=\"elementor-toggle-icon-opened fas fa-caret-up\"><\/i><\/span>\n\t\t\t\t\t\t\t\t\t\t\t\t\t<\/span>\n\t\t\t\t\t\t\t\t\t\t\t\t<a class=\"elementor-toggle-title\" tabindex=\"0\">NR 17 (AN\u00c1LISE ERGON\u00d4MICA DO TRABALHO)<\/a>\n\t\t\t\t\t<\/div>\n\n\t\t\t\t\t<div id=\"elementor-tab-content-4136\" class=\"elementor-tab-content elementor-clearfix\" data-tab=\"6\" role=\"region\" aria-labelledby=\"elementor-tab-title-4136\"><p><span style=\"color: #4d4d4d; font-family: Montserrat, sans-serif; font-size: 15px;\">Avalia\u00e7\u00f5es dos postos de trabalho e das atividades reais dos trabalhadores, indica\u00e7\u00e3o de medidas de prote\u00e7\u00e3o e capacita\u00e7\u00e3o dos trabalhadores para adequar os postos de trabalho \u00e0s condi\u00e7\u00f5es psicofisiol\u00f3gicas dos trabalhadores, conforme a NR n\u00b0. 17 do MTE. Em casos suspeitos\/ confirmados de doen\u00e7as osteomusculares relacionadas ao trabalho, avalia\u00e7\u00f5es e emiss\u00e3o de laudos individuais.<\/span><\/p><\/div>\n\t\t\t\t<\/div>\n\t\t\t\t\t\t\t<div class=\"elementor-toggle-item\">\n\t\t\t\t\t<div id=\"elementor-tab-title-4137\" class=\"elementor-tab-title\" data-tab=\"7\" role=\"button\" aria-controls=\"elementor-tab-content-4137\" aria-expanded=\"false\">\n\t\t\t\t\t\t\t\t\t\t\t\t<span class=\"elementor-toggle-icon elementor-toggle-icon-right\" aria-hidden=\"true\">\n\t\t\t\t\t\t\t\t\t\t\t\t\t\t\t<span class=\"elementor-toggle-icon-closed\"><i class=\"fas fa-angle-down\"><\/i><\/span>\n\t\t\t\t\t\t\t\t<span class=\"elementor-toggle-icon-opened\"><i class=\"elementor-toggle-icon-opened fas fa-caret-up\"><\/i><\/span>\n\t\t\t\t\t\t\t\t\t\t\t\t\t<\/span>\n\t\t\t\t\t\t\t\t\t\t\t\t<a class=\"elementor-toggle-title\" tabindex=\"0\">NR 20 (TRABALHO COM COMBUST\u00cdVEIS E INFLAM\u00c1VEIS)<\/a>\n\t\t\t\t\t<\/div>\n\n\t\t\t\t\t<div id=\"elementor-tab-content-4137\" class=\"elementor-tab-content elementor-clearfix\" data-tab=\"7\" role=\"region\" aria-labelledby=\"elementor-tab-title-4137\"><p><span style=\"color: #4d4d4d; font-family: Montserrat, sans-serif; font-size: 15px;\">An\u00e1lise do projeto das instala\u00e7\u00f5es, formula\u00e7\u00e3o do manual de opera\u00e7\u00f5es, descri\u00e7\u00e3o das instala\u00e7\u00f5es e processos de trabalho; an\u00e1lise dos itens de seguran\u00e7a, sa\u00fade e meio ambiente; an\u00e1lise da planta geral das instala\u00e7\u00f5es el\u00e9tricas, estruturais, hidr\u00e1ulicas, FISPQS, desenhos e especifica\u00e7\u00f5es t\u00e9cnicas dos sistemas de seguran\u00e7a, PPCI, dist\u00e2ncias de seguran\u00e7a, mecanismos de controle, enchimento de tanques, an\u00e1lise de sistemas pressurizados; an\u00e1lise preliminar de perigos e riscos; emiss\u00e3o de POP (procedimento operacional padr\u00e3o); capacita\u00e7\u00e3o de trabalhadores (cursos b\u00e1sicos e intermedi\u00e1rios).<\/span><\/p><\/div>\n\t\t\t\t<\/div>\n\t\t\t\t\t\t\t<div class=\"elementor-toggle-item\">\n\t\t\t\t\t<div id=\"elementor-tab-title-4138\" class=\"elementor-tab-title\" data-tab=\"8\" role=\"button\" aria-controls=\"elementor-tab-content-4138\" aria-expanded=\"false\">\n\t\t\t\t\t\t\t\t\t\t\t\t<span class=\"elementor-toggle-icon elementor-toggle-icon-right\" aria-hidden=\"true\">\n\t\t\t\t\t\t\t\t\t\t\t\t\t\t\t<span class=\"elementor-toggle-icon-closed\"><i class=\"fas fa-angle-down\"><\/i><\/span>\n\t\t\t\t\t\t\t\t<span class=\"elementor-toggle-icon-opened\"><i class=\"elementor-toggle-icon-opened fas fa-caret-up\"><\/i><\/span>\n\t\t\t\t\t\t\t\t\t\t\t\t\t<\/span>\n\t\t\t\t\t\t\t\t\t\t\t\t<a class=\"elementor-toggle-title\" tabindex=\"0\">LTCAT<\/a>\n\t\t\t\t\t<\/div>\n\n\t\t\t\t\t<div id=\"elementor-tab-content-4138\" class=\"elementor-tab-content elementor-clearfix\" data-tab=\"8\" role=\"region\" aria-labelledby=\"elementor-tab-title-4138\"><p><span style=\"color: #4d4d4d; font-family: Montserrat, sans-serif; font-size: 15px;\">Atrav\u00e9s das avalia\u00e7\u00f5es ambientais dos postos de trabalho, registro da presen\u00e7a ou n\u00e3o de riscos ambientais, medidas de prote\u00e7\u00e3o coletiva e individual, a emiss\u00e3o de parecer sobre os respectivos adicionais de insalubridade, periculosidade e aposentadoria especial. Com base neste laudo t\u00e9cnico, a emiss\u00e3o de documentos do ESOCIAL.<\/span><\/p><\/div>\n\t\t\t\t<\/div>\n\t\t\t\t\t\t\t<div class=\"elementor-toggle-item\">\n\t\t\t\t\t<div id=\"elementor-tab-title-4139\" class=\"elementor-tab-title\" data-tab=\"9\" role=\"button\" aria-controls=\"elementor-tab-content-4139\" aria-expanded=\"false\">\n\t\t\t\t\t\t\t\t\t\t\t\t<span class=\"elementor-toggle-icon elementor-toggle-icon-right\" aria-hidden=\"true\">\n\t\t\t\t\t\t\t\t\t\t\t\t\t\t\t<span class=\"elementor-toggle-icon-closed\"><i class=\"fas fa-angle-down\"><\/i><\/span>\n\t\t\t\t\t\t\t\t<span class=\"elementor-toggle-icon-opened\"><i class=\"elementor-toggle-icon-opened fas fa-caret-up\"><\/i><\/span>\n\t\t\t\t\t\t\t\t\t\t\t\t\t<\/span>\n\t\t\t\t\t\t\t\t\t\t\t\t<a class=\"elementor-toggle-title\" tabindex=\"0\">PPP<\/a>\n\t\t\t\t\t<\/div>\n\n\t\t\t\t\t<div id=\"elementor-tab-content-4139\" class=\"elementor-tab-content elementor-clearfix\" data-tab=\"9\" role=\"region\" aria-labelledby=\"elementor-tab-title-4139\"><p><span style=\"color: #4d4d4d; font-family: Montserrat, sans-serif; font-size: 15px;\">Emiss\u00e3o dos respectivos documentos do Perfil Profissiogr\u00e1fico dos trabalhadores, contendo as informa\u00e7\u00f5es administrativas e ambientais de cada trabalhador, com base nos riscos ambientais analisados no PPRA da empresa.<\/span><\/p><\/div>\n\t\t\t\t<\/div>\n\t\t\t\t\t\t\t<div class=\"elementor-toggle-item\">\n\t\t\t\t\t<div id=\"elementor-tab-title-41310\" class=\"elementor-tab-title\" data-tab=\"10\" role=\"button\" aria-controls=\"elementor-tab-content-41310\" aria-expanded=\"false\">\n\t\t\t\t\t\t\t\t\t\t\t\t<span class=\"elementor-toggle-icon elementor-toggle-icon-right\" aria-hidden=\"true\">\n\t\t\t\t\t\t\t\t\t\t\t\t\t\t\t<span class=\"elementor-toggle-icon-closed\"><i class=\"fas fa-angle-down\"><\/i><\/span>\n\t\t\t\t\t\t\t\t<span class=\"elementor-toggle-icon-opened\"><i class=\"elementor-toggle-icon-opened fas fa-caret-up\"><\/i><\/span>\n\t\t\t\t\t\t\t\t\t\t\t\t\t<\/span>\n\t\t\t\t\t\t\t\t\t\t\t\t<a class=\"elementor-toggle-title\" tabindex=\"0\">TREINAMENTOS DE CAPACITA\u00c7\u00c3O<\/a>\n\t\t\t\t\t<\/div>\n\n\t\t\t\t\t<div id=\"elementor-tab-content-41310\" class=\"elementor-tab-content elementor-clearfix\" data-tab=\"10\" role=\"region\" aria-labelledby=\"elementor-tab-title-41310\"><p><span style=\"color: #4d4d4d; font-family: Montserrat, sans-serif; font-size: 15px;\">Treinamentos espec\u00edficos in company para dar atendimento para NR 05 (CIPA), NR 06 (EPI), NR 11 (opera\u00e7\u00e3o de empilhadeiras), NR 12 (m\u00e1quinas e equipamentos), NR 17 (capacita\u00e7\u00e3o em ergonomia) NR 20 (trabalho com combust\u00edveis e inflam\u00e1veis), NR 33 (espa\u00e7os confinados) e para NR 35 (trabalho em altura), entre outros.<\/span><\/p><\/div>\n\t\t\t\t<\/div>\n\t\t\t\t\t\t\t<div class=\"elementor-toggle-item\">\n\t\t\t\t\t<div id=\"elementor-tab-title-41311\" class=\"elementor-tab-title\" data-tab=\"11\" role=\"button\" aria-controls=\"elementor-tab-content-41311\" aria-expanded=\"false\">\n\t\t\t\t\t\t\t\t\t\t\t\t<span class=\"elementor-toggle-icon elementor-toggle-icon-right\" aria-hidden=\"true\">\n\t\t\t\t\t\t\t\t\t\t\t\t\t\t\t<span class=\"elementor-toggle-icon-closed\"><i class=\"fas fa-angle-down\"><\/i><\/span>\n\t\t\t\t\t\t\t\t<span class=\"elementor-toggle-icon-opened\"><i class=\"elementor-toggle-icon-opened fas fa-caret-up\"><\/i><\/span>\n\t\t\t\t\t\t\t\t\t\t\t\t\t<\/span>\n\t\t\t\t\t\t\t\t\t\t\t\t<a class=\"elementor-toggle-title\" tabindex=\"0\">DOCUMENTOS DE SUPORTE<\/a>\n\t\t\t\t\t<\/div>\n\n\t\t\t\t\t<div id=\"elementor-tab-content-41311\" class=\"elementor-tab-content elementor-clearfix\" data-tab=\"11\" role=\"region\" aria-labelledby=\"elementor-tab-title-41311\"><p><span style=\"color: #4d4d4d; font-family: Montserrat, sans-serif; font-size: 15px;\">De forma individualizada para cada funcion\u00e1rio, a emiss\u00e3o de ordens de servi\u00e7o, documentos de auditoria mensal em medicina e seguran\u00e7a do trabalho e controle mensal de vencimento dos exames m\u00e9dicos e complementares. Mensalmente, a emiss\u00e3o de documento atualizado com a rela\u00e7\u00e3o de medidas em aberto a serem implementadas pela empresa, com acompanhamento destas em auditorias internas.<\/span><\/p><\/div>\n\t\t\t\t<\/div>\n\t\t\t\t\t\t\t\t<\/div>\n\t\t\t\t\t\t<\/div>\n\t\t\t\t<\/div>\n\t\t\t\t\t<\/div>\n\t\t<\/div>\n\t\t\t\t\t<\/div>\n\t\t<\/section>\n\t\t\t\t<\/div>\n\t\t","protected":false},"excerpt":{"rendered":"<p>Servi\u00e7os Como podemos ajudar sua empresa A Celeiro Sa\u00fade Ocupacional conta com uma equipe multidisciplinar capacitada para dar pleno atendimento \u00e0s normativas trabalhistas e previdenci\u00e1rias, contemplando exig\u00eancias contidas nas Normas Regulamentadoras do Minist\u00e9rio do Trabalho e Emprego, gerenciamento e atualiza\u00e7\u00e3o do LTCAT (Laudo T\u00e9cnico de Condi\u00e7\u00f5es Ambientais de Trabalho) e, atrav\u00e9s de um processo moderno&hellip;&nbsp;<a href=\"https:\/\/www.celeirosaudeocupacional.com.br\/?page_id=145\" class=\"\" rel=\"bookmark\">Continue a ler &raquo;<span class=\"screen-reader-text\">Servi\u00e7os<\/span><\/a><\/p>\n","protected":false},"author":1,"featured_media":0,"parent":0,"menu_order":0,"comment_status":"closed","ping_status":"closed","template":"page-templates\/template-pagebuilder-full-width.php","meta":{"neve_meta_sidebar":"","neve_meta_container":"","neve_meta_enable_content_width":"","neve_meta_content_width":0,"neve_meta_title_alignment":"","neve_meta_author_avatar":"","neve_post_elements_order":"","neve_meta_disable_header":"","neve_meta_disable_footer":"","neve_meta_disable_title":"","footnotes":""},"class_list":["post-145","page","type-page","status-publish","hentry"],"_links":{"self":[{"href":"https:\/\/www.celeirosaudeocupacional.com.br\/index.php?rest_route=\/wp\/v2\/pages\/145","targetHints":{"allow":["GET"]}}],"collection":[{"href":"https:\/\/www.celeirosaudeocupacional.com.br\/index.php?rest_route=\/wp\/v2\/pages"}],"about":[{"href":"https:\/\/www.celeirosaudeocupacional.com.br\/index.php?rest_route=\/wp\/v2\/types\/page"}],"author":[{"embeddable":true,"href":"https:\/\/www.celeirosaudeocupacional.com.br\/index.php?rest_route=\/wp\/v2\/users\/1"}],"replies":[{"embeddable":true,"href":"https:\/\/www.celeirosaudeocupacional.com.br\/index.php?rest_route=%2Fwp%2Fv2%2Fcomments&post=145"}],"version-history":[{"count":10,"href":"https:\/\/www.celeirosaudeocupacional.com.br\/index.php?rest_route=\/wp\/v2\/pages\/145\/revisions"}],"predecessor-version":[{"id":714,"href":"https:\/\/www.celeirosaudeocupacional.com.br\/index.php?rest_route=\/wp\/v2\/pages\/145\/revisions\/714"}],"wp:attachment":[{"href":"https:\/\/www.celeirosaudeocupacional.com.br\/index.php?rest_route=%2Fwp%2Fv2%2Fmedia&parent=145"}],"curies":[{"name":"wp","href":"https:\/\/api.w.org\/{rel}","templated":true}]}}